te the remainder when 194 is divided by 25.
19
What is the remainder when 7421 is divided by 212?
1
Calculate the remainder when 609 is divided by 12.
9
Calculate the remainder when 96 is divided by 48.
0
What is the remainder when 1206 is divided by 363?
117
Calculate the remainder when 15910 is divided by 52.
50
What is the remainder when 1658 is divided by 26?
20
What is the remainder when 152 is divided by 152?
0
What is the remainder when 330 is divided by 46?
8
Calculate the remainder when 131 is divided by 66.
65
Calculate the remainder when 488 is divided by 15.
8
What is the remainder when 606 is divided by 50?
6
What is the remainder when 52 is divided by 18?
16
Calculate the remainder when 571 is divided by 566.
5
What is the remainder when 185 is divided by 126?
59
What is the remainder when 10436 is divided by 147?
146
What is the remainder when 503 is divided by 4?
3
What is the remainder when 97 is divided by 43?
11
What is the remainder when 63 is divided by 33?
30
What is the remainder when 510 is divided by 17?
0
Calculate the remainder when 386 is divided by 228.
158
What is the remainder when 57 is divided by 21?
15
Calculate the remainder when 57 is divided by 54.
3
Calculate the remainder when 40 is divided by 11.
7
What is the remainder when 8694 is divided by 212?
2
Calculate the remainder when 1818 is divided by 20.
18
Calculate the remainder when 49 is divided by 13.
10
Calculate the remainder when 635 is divided by 309.
17
Calculate the remainder when 141 is divided by 73.
68
Calculate the remainder when 1559 is divided by 491.
86
What is the remainder when 62 is divided by 24?
14
What is the remainder when 344 is divided by 158?
28
What is the remainder when 1208 is divided by 302?
0
Calculate the remainder when 591 is divided by 580.
11
Calculate the remainder when 1775 is divided by 24.
23
What is the remainder when 512 is divided by 83?
14
Calculate the remainder when 267 is divided by 243.
24
Calculate the remainder when 3803 is divided by 1267.
2
What is the remainder when 3636 is divided by 65?
61
Calculate the remainder when 3260 is divided by 51.
47
Calculate the remainder when 358 is divided by 29.
10
What is the remainder when 403 is divided by 109?
76
Calculate the remainder when 134 is divided by 2.
0
What is the remainder when 77 is divided by 40?
37
Calculate the remainder when 297 is divided by 124.
49
Calculate the remainder when 405 is divided by 24.
21
Calculate the remainder when 2113 is divided by 239.
201
Calculate the remainder when 3749 is divided by 150.
149
What is the remainder when 638 is divided by 160?
158
Calculate the remainder when 594 is divided by 10.
4
What is the remainder when 243 is divided by 41?
38
What is the remainder when 28708 is divided by 33?
31
Calculate the remainder when 101 is divided by 51.
50
What is the remainder when 54 is divided by 49?
5
What is the remainder when 155 is divided by 80?
75
Calculate the remainder when 678 is divided by 9.
3
What is the remainder when 190 is divided by 43?
18
What is the remainder when 5371 is divided by 11?
3
Calculate the remainder when 246 is divided by 61.
2
What is the remainder when 69 is divided by 27?
15
Calculate the remainder when 179 is divided by 90.
89
Calculate the remainder when 132 is divided by 58.
16
Calculate the remainder when 427 is divided by 28.
7
Calculate the remainder when 6221 is divided by 3101.
19
Calculate the remainder when 236 is divided by 15.
11
Calculate the remainder when 2523 is divided by 101.
99
What is the remainder when 2177 is divided by 33?
32
Calculate the remainder when 692 is divided by 44.
32
Calculate the remainder when 420 is divided by 82.
10
What is the remainder when 385 is divided by 49?
42
What is the remainder when 556 is divided by 80?
76
Calculate the remainder when 110 is divided by 16.
14
Calculate the remainder when 1196 is divided by 75.
71
What is the remainder when 1929 is divided by 12?
9
Calculate the remainder when 202 is divided by 32.
10
Calculate the remainder when 189 is divided by 75.
39
What is the remainder when 584 is divided by 9?
8
Calculate the remainder when 14489 is divided by 109.
101
What is the remainder when 637 is divided by 210?
7
What is the remainder when 221 is divided by 154?
67
What is the remainder when 3377 is divided by 69?
65
Calculate the remainder when 866 is divided by 62.
60
Calculate the remainder when 983 is divided by 13.
8
What is the remainder when 419 is divided by 2?
1
Calculate the remainder when 1476 is divided by 364.
20
What is the remainder when 121 is divided by 51?
19
What is the remainder when 707 is divided by 10?
7
Calculate the remainder when 85 is divided by 19.
9
Calculate the remainder when 893 is divided by 80.
13
Calculate the remainder when 174 is divided by 16.
14
Calculate the remainder when 87 is divided by 5.
2
Calculate the remainder when 1065 is divided by 97.
95
Calculate the remainder when 7268 is divided by 202.
198
Calculate the remainder when 44 is divided by 15.
14
Calculate the remainder when 267 is divided by 147.
120
Calculate the remainder when 83 is divided by 36.
11
What is the remainder when 146 is divided by 17?
10
What is the remainder when 80 is divided by 60?
20
Calculate the remainder when 174 is divided by 47.
33
Calculate the remainder when 890 is divided by 39.
32
Calculate the remainder when 1550 is divided by 104.
94
Calculate the remainder when 903 is divided by 153.
138
Calculate the remainder when 872 is divided by 386.
100
What is the remainder when 1555 is divided by 260?
255
Calculate the remainder when 24 is divided by 19.
5
What is the remainder when 445 is divided by 8?
5
Calculate the remainder when 105 is divided by 18.
15
Calculate the remainder when 3350 is divided by 86.
82
Calculate the remainder when 5513 is divided by 197.
194
Calculate the remainder when 682 is divided by 9.
7
Calculate the remainder when 3763 is divided by 751.
8
Calculate the remainder when 186 is divided by 163.
23
Calculate the remainder when 60 is divided by 28.
4
Calculate the remainder when 161 is divided by 55.
51
Calculate the remainder when 41 is divided by 20.
1
What is the remainder when 40 is divided by 7?
5
What is the remainder when 1549 is divided by 316?
285
What is the remainder when 36 is divided by 14?
8
What is the remainder when 1940 is divided by 643?
11
Calculate the remainder when 156 is divided by 16.
12
What is the remainder when 691 is divided by 7?
5
Calculate the remainder when 299 is divided by 76.
71
What is the remainder when 285 is divided by 25?
10
What is the remainder when 396 is divided by 21?
18
What is the remainder when 1260 is divided by 15?
0
Calculate the remainder when 266 is divided by 45.
41
Calculate the remainder when 1080 is divided by 81.
27
What is the remainder when 199 is divided by 19?
9
What is the remainder when 811 is divided by 17?
12
What is the remainder when 448 is divided by 65?
58
Calculate the remainder when 410 is divided by 17.
2
Calculate the remainder when 1159 is divided by 116.
115
What is the remainder when 251 is divided by 42?
41
Calculate the remainder when 335 is divided by 19.
12
What is the remainder when 447 is divided by 45?
42
Calculate the remainder when 100 is divided by 69.
31
Calculate the remainder when 5942 is divided by 29.
26
What is the remainder when 56 is divided by 20?
16
What is the remainder when 1215 is divided by 36?
27
Calculate the remainder when 328 is divided by 51.
22
Calculate the remainder when 380 is divided by 72.
20
Calculate the remainder when 160 is divided by 23.
22
What is the remainder when 1341 is divided by 13?
2
What is the remainder when 1778 is divided by 89?
87
Calculate the remainder when 11897 is divided by 85.
82
Calculate the remainder when 307 is divided by 24.
19
What is the remainder when 165 is divided by 56?
53
What is the remainder when 461 is divided by 117?
110
Calculate the remainder when 36 is divided by 17.
2
What is the remainder when 313 is divided by 234?
79
What is the remainder when 46 is divided by 22?
2
What is the remainder when 3092 is divided by 129?
125
Calculate the remainder when 195 is divided by 40.
35
Calculate the remainder when 111 is divided b